ulate f(14).
1
Let l(m) = m**3 - 6*m**2 + 3*m + 4. Give l(4).
-16
Let f(x) = -x + 10. Determine f(17).
-7
Let c(n) = 7*n - 4. Calculate c(1).
3
Let z(j) = j - 16. Determine z(2).
-14
Let m(c) = -c**3 + 2*c. Calculate m(2).
-4
Let y(q) = -q**3 + 4*q**2 - 2*q + 2. What is y(4)?
-6
Let v(j) = j**3 + 7*j**2 + 3*j. Calculate v(-7).
-21
Let f(v) = -15*v. What is f(-2)?
30
Let w(a) = -a**2 + 31*a - 211. Determine w(11).
9
Let o(j) = -59*j - 25. Calculate o(-2).
93
Let i(l) = l**2 - 8*l - 23. What is i(12)?
25
Let v(s) = s**3 - 2*s - 2. Determine v(-1).
-1
Let h(a) = -10*a + 4. Give h(4).
-36
Let r(p) = p**3 + 8*p**2 + 5*p + 6. Calculate r(-3).
36
Let s(x) = 6*x**2 + 7*x + 9. Determine s(-4).
77
Let h(j) = 6*j**2 + 2*j. Give h(-2).
20
Let t(d) = d**2 + 8*d + 1. Give t(-8).
1
Let i(y) = -4*y**2 + 134*y - 71. Calculate i(33).
-5
Let p(a) = -2*a**3 + 5*a**2 - 4*a + 1. Calculate p(3).
-20
Let h(p) = 6*p - 34. What is h(0)?
-34
Let w(b) = -3*b - 129. Calculate w(-44).
3
Let t(r) = -r**3 + 7*r**2 - 7*r + 1. Calculate t(6).
-5
Let w(i) = -6*i - 18. Determine w(-10).
42
Let q(o) = 3*o**2 + 5*o + 42. What is q(-5)?
92
Let f(v) = 4*v + 26. What is f(-8)?
-6
Let m(k) = 7*k**2 - 3*k + 8. What is m(2)?
30
Let i(u) = -u**2 - 8*u + 32. Calculate i(4).
-16
Let z(w) = -w**3 + 7*w**2 + 3*w + 11. Calculate z(8).
-29
Let u(n) = n**2 - 11*n + 22. What is u(9)?
4
Let a(y) = 2*y - 28. Give a(11).
-6
Let z(u) = -9*u**2 + 10. Give z(-5).
-215
Let q(a) = -a - 13. What is q(-14)?
1
Let n(l) = -l**3 - 28*l**2 - 28*l - 34. What is n(-27)?
-7
Let a(p) = -p**2 + 9*p - 8. Determine a(6).
10
Let c(i) = i**3 - 3*i**2 - 10*i + 9. What is c(5)?
9
Let r(o) = o**2 + 9*o - 3. Give r(-8).
-11
Let x(p) = -6*p + 57. Give x(12).
-15
Let u(r) = 2*r**3 + r**2 + 11*r + 11. Calculate u(-1).
-1
Let g(n) = -79*n + 21. What is g(0)?
21
Let x(n) = -n - 6. Give x(9).
-15
Let o(y) = y**3 + 2*y**2 - 15*y + 5. Give o(-5).
5
Let z(u) = u - 20. Calculate z(22).
2
Let m(n) = n**2 + 2*n + 6. Give m(-9).
69
Let h(z) = 4*z - 50. What is h(15)?
10
Let z(p) = -3*p**2 + 13*p + 3. Calculate z(5).
-7
Let b(d) = -18*d - 52. Calculate b(-4).
20
Let f(j) = -6*j - 142. What is f(-25)?
8
Let p(d) = -d**2 + 3. Determine p(0).
3
Let y(l) = -11*l - 3. Give y(-4).
41
Let g(r) = r**2 + 3*r + 10. Determine g(0).
10
Let x(q) = q**2 + 10*q + 4. What is x(-4)?
-20
Let k(s) = s**2 - 2*s - 35. Give k(7).
0
Let u(z) = -2*z**2 - z + 81. Determine u(-8).
-39
Let c(m) = m**3 - 6*m**2 + 4*m - 1. Give c(5).
-6
Let j(d) = -d**3 - 6*d**2 + 3*d - 17. Give j(-7).
11
Let r(h) = h**2 - 10*h + 23. What is r(7)?
2
Let a(t) = -5*t - 4. What is a(11)?
-59
Let u(c) = 2*c**3 - 26*c**2 + c - 13. Calculate u(13).
0
Let w(m) = 15*m**2 + 1. Calculate w(-1).
16
Let i(m) = -m**2 + 2*m + 11. Calculate i(4).
3
Let i(k) = k**3 + 2*k**2 - 6*k - 3. Give i(-4).
-11
Let y(n) = n - 9. Give y(-3).
-12
Let c(h) = h**2 - 27*h + 5. Determine c(18).
-157
Let z(t) = 3*t - 6. Give z(7).
15
Let t(n) = 32*n**2 + n - 1. Determine t(-1).
30
Let d(v) = 24*v - 1. Give d(2).
47
Let n(h) = -13*h - 90. Give n(-7).
1
Let u(k) = -2*k**2 - 4*k + 8. Give u(2).
-8
Let j(b) = b**3 + 5*b**2 + b - 9. Give j(-3).
6
Let v(n) = 2*n**2 + 13*n + 6. Determine v(-6).
0
Let y(f) = f**2 + 2*f - 10. What is y(0)?
-10
Let i(t) = 9*t**3 + 3*t - 5. Determine i(2).
73
Let s(x) = -14*x**2 - 6*x - 2. Determine s(-1).
-10
Let j(o) = o**2 - 36*o + 7. Give j(36).
7
Let n(h) = 3*h + 21. What is n(-7)?
0
Let l(v) = v**2 - 28*v + 159. Determine l(19).
-12
Let r(g) = -83*g + 431. Give r(5).
16
Let r(o) = -o**3 + 4*o**2 + 3*o - 14. Give r(5).
-24
Let t(s) = s + 7. Determine t(0).
7
Let z(u) = u**2 + 16*u + 1. Give z(0).
1
Let k(t) = -7*t - 80. Determine k(-10).
-10
Let g(z) = -z**2 + 21*z - 22. What is g(20)?
-2
Let p(x) = 4*x + 33. What is p(-13)?
-19
Let g(k) = -3*k**2 - 18*k. Calculate g(-6).
0
Let s(t) = -t**3 - 9*t**2 + 12*t + 21. Determine s(-10).
1
Let t(a) = -6*a**2 + 2*a + 1. Calculate t(3).
-47
Let y(a) = 9*a + 34. What is y(0)?
34
Let y(q) = 2*q**2 - 30*q + 8. What is y(15)?
8
Let p(l) = -l**3 - 19*l**2 - 21*l - 40. What is p(-18)?
14
Let w(i) = i + 14. Calculate w(15).
29
Let k(s) = 5*s**3 - s**2 - 6*s + 2. What is k(3)?
110
Let i(g) = -12*g - 31. Determine i(-3).
5
Let p(j) = -3*j**2 + 40*j - 16. Calculate p(13).
-3
Let r(u) = u**3 + 2*u**2 - 9*u + 4. Give r(2).
2
Let w(c) = -c**3 - 2*c**2 + 5*c - 9. Give w(-4).
3
Let s(w) = w**2 - 7*w + 1. Determine s(3).
-11
Let h(y) = -y**2 - 14*y + 193. Give h(8).
17
Let d(s) = -2*s + 4. Give d(0).
4
Let x(j) = j**2 - 10*j. Determine x(10).
0
Let h(a) = 22*a**2 + 22*a + 22. What is h(-1)?
22
Let i(s) = -2*s**3 - 9*s**2 - 14*s - 25. Give i(-4).
15
Let r(l) = -23*l + 896. Calculate r(39).
-1
Let g(h) = 2*h**3 - 50*h**2 + 2*h - 29. What is g(25)?
21
Let p(t) = 61*t - 1. Give p(1).
60
Let m(a) = a**3 + 7*a**2 - 19*a - 7. Determine m(-9).
2
Let c(h) = -3*h + 19. Determine c(5).
4
Let g(l) = -l**3 + 5*l**2 - 5*l + 4. Determine g(4).
0
Let i(l) = 35*l**2 + l. Calculate i(1).
36
Let q(i) = -17*i**2. Give q(1).
-17
Let a(m) = -9*m**2 - 52*m + 67. Determine a(-7).
-10
Let y(p) = p**3 + 6*p**2 + 12*p + 14. Give y(-4).
-2
Let m(v) = 2*v**2 + 28*v - 6. Give m(-14).
-6
Let k(r) = 6*r**2 + 38*r - 1. What is k(-6)?
-13
Let f(j) = j - 22. Determine f(7).
-15
Let z(d) = d**3 - 10*d**2 - 26*d + 30. Calculate z(12).
6
Let h(c) = c**2 + 17*c + 7. Calculate h(-16).
-9
Let n(w) = -w**3 - 2*w**2 - w + 3. Calculate n(-3).
15
Let o(v) = 8*v + 7. Determine o(16).
135
Let l(i) = -i**3 + 3*i**2 + 4*i + 4. Calculate l(4).
4
Let b(a) = -a**3 - 6*a**2 + 27*a + 4. Determine b(-9).
4
Let c(b) = -24*b + 94. Determine c(4).
-2
Let q(x) = x**2 + 6*x + 5. Calculate q(-5).
0
Let o(g) = g**2 - 15*g - 8. What is o(11)?
-52
Let z(t) = t**3 - 3*t**2 - 8*t + 3. What is z(5)?
13
Let k(j) = -3*j**2 - 7*j - 14. Give k(-2).
-12
Let x(g) = g**3 - 7*g**2 - 29*g - 5. Calculate x(10).
5
Let t(s) = -s**2 + 6*s - 3. Calculate t(3).
6
Let w(z) = -z**2 + 10*z + 19. Determine w(11).
8
Let j(p) = p**2 - 8*p + 10. Give j(4).
-6
Let c(y) = -40*y**3 + 2*y**2 + 2*y + 1. What is c(-1)?
41
Let u(h) = -h**2 - 3*h. Give u(-6).
-18
Let h(j) = j**2 - 10*j + 5. Give h(9).
-4
Let u(f) = f**2 + f - 24. Determine u(0).
-24
Let z(v) = -v**2 - 17*v - 100. What is z(-11)?
-34
Let q(i) = -6*i - 31. Give q(-7).
11
Let a(k) = k**2 + 10*k + 12. Calculate a(-11).
23
Let f(q) = -q**2 + 9*q + 46. Determine f(12).
10
Let y(h) = h**3 + 2*h**2 - 14*h + 5. Calculate y(3).
8
Let b(s) = -s**3 + 20*s**2 - 33*s - 39. Determine b(18).
15
Let f(z) = 45*z**3 + z**2 + 3*z. Determine f(-1).
-47
Let x(c) = -3*c + 38. Give x(22).
-28
Let y(u) = -u - 21. Give y(-11).
-10
Let h(v) = -v**2 - v + 1. Give h(4).
-19
Let s(t) = 28*t + 1. Determine s(1).
29
Let b(g) = -g - 4. Calculate b(-10).
6
Let v(d) = 5*d - 6. Determine v(6).
24
Let s(n) = -5*n + 9. What is s(8)?
-31
Let u(h) = -2*h**3 + 34*h**2 + 24. Determine u(17).
24
Let d(a) = -3*a**2 + 11*a + 8. What is d(6)?
-34
Let a(b) = -3*b - 5. Give a(3).
-14
Let n(o) = o**2 + 6*o + 11. Determine n(-9).
38
Let y(w) = w**3 + 30*w**2 + 57*w + 42. Give y(-28).
14
Let t(c) = c**3 + 7*c**2 - 18*c - 18. Determine t(-9).
-18
Let r(x) = -x**3 - 2*x + 88. Determine r(0).
88
Let x(w) = 2*w**3 + w**2 - w - 5. Give x(-2).
-15
Let s(c) = 21*c**2 + 4*c - 3. Calculate s(1).
22
Let y(m) = -m**3 - 6*m**2 + 10*m + 44. Calculate y(-5).
-31
Let b(h) = h**2 + h - 47. Give b(6).
-5
Let x(m) = 2*m + 13. Give x(2).
17
Let o(q) = -q**3 - q**2 + 7*q + 11. What is o(0)?
11
Let g(w) = 6*w + 3. What is g(-4)?
-21
Let s(p) = p + 49. Calculate s(-17).
32
Let z(p) = 39*p - 2. Calculate z(1).
37
Let g(y) = -y**2 - 10*y - 5. Calculate g(-7).
16
Let o(x) = -x - 10. Give o(-14).
4
Let q(y) = 2*y**2 - 2*y + 4. Give q(-3).
28
Let w(l) = 11*l**2 - l + 1. Determine w(-2).
47
Let l(c) = -16*c + 50. Give l(3).
2
Let c(a) = a**2 - a - 19. Calculate c(-8).
53
Let c(n) = -n**2 - 13*n - 16. Calculate c(-11).
6
Let k(p) = -62*p + 15. What is k(2)?
-109
Let g(u) = 3*u**2 - 56*u + 12. Calculate g(19).
31
Let l(j) = 8*j**3 - j + 1. Determine l(-2).
-61
Let d(r) = -r**2 - 4*r + 8. What is d(-8)?
-24
Let n(a) = -7*a - 66. Give n(-7).
-17
Let r(x) = -2*x**3 + 4*x**2 - x. What is r(3)?
-21
Let i(f) = 2*f**2 - 3*f - 72. Give i(-6).
18
Let o(v) = -v**3 - 7*v**2 -